{"id":593,"date":"2025-10-09T08:56:52","date_gmt":"2025-10-09T06:56:52","guid":{"rendered":"https:\/\/slowozycia.org\/?page_id=593"},"modified":"2025-10-09T08:59:22","modified_gmt":"2025-10-09T06:59:22","slug":"moje-duchowe-uzdrowienie-ania","status":"publish","type":"page","link":"https:\/\/slowozycia.org\/index.php\/swiadectwa\/moje-duchowe-uzdrowienie-ania\/","title":{"rendered":"Moje duchowe uzdrowienie &#8211; Ania"},"content":{"rendered":"\n<p><em><mark style=\"background-color:rgba(0, 0, 0, 0)\" class=\"has-inline-color has-ast-global-color-0-color\">Copyright \u00a9 Rozpowszechnianie i kopiowanie wy\u0142\u0105cznie za pozwoleniem KBWCH &#8222;S\u0142owo \u017bycia&#8221;.<\/mark><\/em><br><em><mark style=\"background-color:rgba(0, 0, 0, 0)\" class=\"has-inline-color has-ast-global-color-0-color\">Je\u017celi potrzebujesz modlitwy lub chcesz porozmawia\u0107 z Ani\u0105, <a href=\"https:\/\/slowozycia.org\/index.php\/kontakt\/\" data-type=\"page\" data-id=\"17\">skontaktuj <\/a>si\u0119 z biurem ko\u015bcio\u0142a lub przez <a href=\"https:\/\/www.facebook.com\/SlowoZycia\/\" data-type=\"link\" data-id=\"https:\/\/www.facebook.com\/SlowoZycia\/\">facebook<\/a>.<\/mark><\/em><br><br>Urodzi\u0142am si\u0119 w rodzinie katolickiej. Gdy by\u0142am dzieckiem rodzice prowadzali mnie i moje<br>siostry do ko\u015bcio\u0142a. Niestety w ko\u015bciele nie czu\u0142am obecno\u015bci Boga, przede wszystkim nie czu\u0142am si\u0119<br>dobrze w ogromnym i zimnym jego wn\u0119trzu. Jednak odk\u0105d pami\u0119tam zawsze rozmawia\u0142am z Bogiem.<br>Prosi\u0142am Go o doradztwo w r\u00f3\u017cnych sprawach, przeprasza\u0142am za z\u0142e uczynki, dzi\u0119kowa\u0142am za sukcesy<br>oraz zwierza\u0142am si\u0119 jak dla przyjaciela. W \u017cyciu doros\u0142ym by\u0142o tak samo, jednak z czasem czu\u0142am, \u017ce<br>zaczyna mi czego\u015b brakowa\u0107. Chcia\u0142am by\u0107 jeszcze bli\u017cej Boga, szuka\u0142am Go w r\u00f3\u017cnych \u017ar\u00f3d\u0142ach,<br>zacz\u0119\u0142am czyta\u0107 Pismo \u015awi\u0119te. Pewnego dnia m\u00f3j przyjaciel zaprowadzi\u0142 mnie do Ko\u015bcio\u0142a \u201eS\u0142owo<br>\u017cycia\u201dw Bia\u0142ymstoku przy ulicy Warszawskiej. Gdy weszli\u015bmy do \u015brodka powita\u0142 nas gromki, radosny<br>\u015bpiew. Ludzie radowali si\u0119 oddaj\u0105c Bogu cze\u015b\u0107 poprzez wsp\u00f3lny \u015bpiew. Dla mnie, wychowanej w<br>ko\u015bciele pe\u0142nym powagi, wszystko to by\u0142o nowe. Z pocz\u0105tku tylko si\u0119 przygl\u0105da\u0142am. S\u0142ucha\u0142am Pastora a<br>jego s\u0142owa robi\u0142y na mnie ogromne wra\u017cenie. Czu\u0142am jakby kierowane by\u0142y w\u0142a\u015bnie do mnie. Z ka\u017cd\u0105<br>kolejn\u0105 wizyt\u0105 w ko\u015bciele, czu\u0142am si\u0119 coraz lepiej. Zacz\u0119\u0142am \u015bpiewa\u0107 i ogromn\u0105 rado\u015b\u0107 zacz\u0119\u0142o mi<br>sprawia\u0107 chwalenie Boga poprzez \u015bpiew. Z czasem zacz\u0119\u0142am poznawa\u0107 ucz\u0119szczaj\u0105cych tam ludzi.<br>Wsp\u00f3lnota powita\u0142a nas z ogromn\u0105 \u017cyczliwo\u015bci\u0105. Do\u015bwiadczy\u0142am od jej cz\u0142onk\u00f3w mn\u00f3stwa<br>serdeczno\u015bci, zainteresowania, oraz ch\u0119ci niesienia bezinteresownej pomocy. Coraz wnikliwiej zacz\u0119\u0142am<br>studiowa\u0107 Pismo \u015awi\u0119te, ucz\u0119szcza\u0142am tak\u017ce na kurs biblijny. W Pi\u015bmie \u015awi\u0119tym odnajdywa\u0142am<br>fragmenty potwierdzaj\u0105ce nauk\u0119 mojego ko\u015bcio\u0142a. Po oko\u0142o roku przyj\u0119\u0142am Chrzest Wodny. To by\u0142o<br>pi\u0119kne do\u015bwiadczenie, kt\u00f3re rozpocz\u0119\u0142o nowy etap w moim \u017cyciu \u2013 Narodzi\u0142am si\u0119 na nowo.<br>Moje \u017cycie toczy\u0142o si\u0119 dalej. Z niecierpliwo\u015bci\u0105 czeka\u0142am na niedzielne spotkania w ko\u015bciele. W<br>moim \u017cyciu wszystko uk\u0142ada\u0142o si\u0119 dobrze, mia\u0142am prac\u0119, kt\u00f3ra dawa\u0142a mi spe\u0142nienie i bliskich wok\u00f3\u0142.<br>Mo\u017ce troch\u0119 przyt\u0142acza\u0142 mnie nadmiar obowi\u0105zk\u00f3w ale cieszy\u0142am si\u0119, \u017ce jestem aktywna i potrzebna<br>innym. Z czasem jednak pojawi\u0142y si\u0119 problemy ze snem, kt\u00f3re z tygodnia na tydzie\u0144 przybiera\u0142y na sile.<br>Dosz\u0142o do tego, \u017ce spa\u0142am po dwie godziny dziennie. Wkr\u00f3tce zacz\u0119\u0142o to odbija\u0107 si\u0119 na moim<br>samopoczuciu, czu\u0142am si\u0119 zm\u0119czona i rozdra\u017cniona. Zacz\u0119\u0142am eksperymentowa\u0107 z lekami. Wydawa\u0142o mi<br>si\u0119, \u017ce potrzebuj\u0119 zar\u00f3wno tych nasennych, jak i pobudzaj\u0105cych. Z ka\u017cdym kolejnym dniem czu\u0142am coraz<br>wi\u0119ksze znu\u017cenie i nat\u0142ok my\u015bli. Dosz\u0142o do tego, \u017ce w kt\u00f3rym\u015b momencie z powodu pomieszania lek\u00f3w<br>straci\u0142am \u015bwiadomo\u015b\u0107 i moi bliscy wezwali pogotowie. Trafi\u0142am na 10 dni do szpitala. Praktycznie ca\u0142y<br>pobyt tam przespa\u0142am. Po powrocie do domu pr\u00f3bowa\u0142am jako\u015b powr\u00f3ci\u0107 do normalno\u015bci. Dosta\u0142am<br>leki ale ci\u0105gle czu\u0142am, \u017ce co\u015b jest nie tak. Nagle, w\u0142a\u015bciwie z dnia na dzie\u0144 dopad\u0142 mnie ogromny smutek.<br>Nic mnie nie cieszy\u0142o. \u0179le czu\u0142am si\u0119 we w\u0142asnym domu, w pracy, m\u0119czy\u0142am si\u0119 tak\u017ce wychodz\u0105c ze<br>znajomymi. Wkr\u00f3tce zacz\u0119\u0142am unika\u0107 ludzi. Dopad\u0142a mnie ogromna beznadzieja. Pragn\u0119\u0142am tylko<br>ucieka\u0107 w sen. Ci\u0119\u017cko mi by\u0142o wsta\u0107 z \u0142\u00f3\u017cka, a codzienne obowi\u0105zki przyprawia\u0142y o niemal fizyczny b\u00f3l<br>.Chodzi\u0142am do ko\u015bcio\u0142a ale nie czu\u0142am ju\u017c tam dawnej rado\u015bci i nie mia\u0142am si\u0142y, by \u015bpiewa\u0107. Nie<br>chcia\u0142am da\u0107 po sobie pozna\u0107, \u017ce jest tak \u017ale. Udawa\u0142am przed najbli\u017cszymi i znajomymi. Ludzie jednak<br>zacz\u0119li to dostrzega\u0107. Mia\u0142am tak\u0105 pustk\u0119 w oczach. Rodzina proponowa\u0142a mi p\u00f3j\u015bcie na terapi\u0119, ale ja<br>nie wierzy\u0142am, \u017ce kto\u015b mo\u017ce mi pom\u00f3c. My\u015bla\u0142am Bo\u017ce, czy tak naprawd\u0119 ma teraz wygl\u0105da\u0107 moje<br>\u017cycie?Pom\u00f3\u017c mi Bo\u017ce! Tylko na to by\u0142o mnie sta\u0107. Nie modli\u0142am si\u0119, nie da\u0142am rady. T\u0142umaczy\u0142am<br>sobie, \u017ce wszystko przecie\u017c jest dobrze, jestem zdrowa, mam zdrow\u0105 c\u00f3rk\u0119, \u017cyczliwych ludzi wok\u00f3\u0142 i<br>prac\u0119, kt\u00f3ra do tej pory sprawia\u0142a mi du\u017co satysfakcji. To jednak niewiele zmieni\u0142o. Niczym<br>nieuzasadniony smutek nie odchodzi\u0142. Nie zrozumie tego kto\u015b, kto tego nie do\u015bwiadczy\u0142. U\u015bmiecha\u0142am<br>si\u0119 do innych, chc\u0105c ukry\u0107 sw\u00f3j stan.<br>Pewnego dnia po nabo\u017ce\u0144stwie niedzielnym pastor powiedzia\u0142, by pomodli\u0107 si\u0119 za Ani\u0119. Nie do<br>ko\u0144ca wiedzia\u0142am, \u017ce chodzi o mnie. My\u015bla\u0142am, \u017ce by\u0107 mo\u017ce jest w\u015br\u00f3d nas inna Ania. Nie prosi\u0142am<br>przecie\u017c o modlitw\u0119 .Rozejrza\u0142am si\u0119 wok\u00f3\u0142. Wszyscy gorliwie si\u0119 modlili. Zamkn\u0119\u0142am oczy i prosi\u0142am<br>Boga o pomoc. Pastor modli\u0142 si\u0119 o moje uzdrowienie. Wr\u00f3ci\u0142am do domu. Nie wiem czy ju\u017c nast\u0119pnego<br>dnia, czy nieco p\u00f3\u017aniej obudzi\u0142am si\u0119 z niezwyk\u0142\u0105 rado\u015bci\u0105. Ten przera\u017caj\u0105cy smutek znikn\u0105\u0142. Poczu\u0142am,<br>\u017ce wst\u0105pi\u0142a we mnie nowa energia, prawdziwa rado\u015b\u0107 \u017cycia. To by\u0142o takie cudowne. Zn\u00f3w chcia\u0142o mi si\u0119<br>\u017cy\u0107. Ponownie rado\u015b\u0107 sprawia\u0142a mi modlitwa, poranna kawa, s\u0142uchanie muzyki i przebywanie w\u015br\u00f3d<br>ludzi. Cieszy\u0142 mnie ka\u017cdy nowy dzie\u0144, ka\u017cdy promyk s\u0142o\u0144ca. K\u0142ad\u0142am si\u0119 spa\u0107 i wstawa\u0142am dzi\u0119kuj\u0105c<br>Bogu za to, co mam. Dzi\u015b wiem, \u017ce by\u0142o to duchowe uzdrowienie, przecie\u017c: \u201eGdzie dw\u00f3ch lub trzech<br>gromadzi si\u0119 w Moje imi\u0119, tam jestem po\u015br\u00f3d nich.\u201d<br>Je\u015bli to czytasz, chc\u0119 \u017ceby\u015b wiedzia\u0142, \u017ce nie ma pewno\u015bci, \u017ce ka\u017cda modlitwa od razu zostanie<br>wys\u0142uchana. Czasem B\u00f3g ma wobec nas sw\u00f3j plan. Nie zawsze to, co dla nas wydaje si\u0119 najlepsze,<\/p>\n\n\n\n<p>rzeczywi\u015bcie jest dla nas najlepsz\u0105, Bo\u017c\u0105 drog\u0105. Czasem musimy znie\u015b\u0107 cierpienie, by potem na nowo z<br>podw\u00f3jn\u0105 moc\u0105 odczuwa\u0107 rado\u015b\u0107 \u017cycia i docenia\u0107 ma\u0142e rzeczy. B\u00f3g chce by\u015bmy wzrastali duchowo i<br>rozwijali w sobie cierpliwo\u015b\u0107 i pokor\u0119. Je\u015bli b\u0119dziemy cierpliwi i b\u0119dziemy s\u0142ucha\u0107 jego g\u0142osu, wcze\u015bniej<br>czy p\u00f3\u017aniej wyprostuje nasze \u017cycie, wprowadzi na t\u0119 w\u0142a\u015bciw\u0105 drog\u0119. Ja tak\u0105 drog\u0119 i swoje miejsce<br>odnalaz\u0142am tu w ko\u015bciele i dzi\u0119kuj\u0119 Bogu za to z ca\u0142ego serca.<\/p>\n\n\n\n<p><\/p>\n","protected":false},"excerpt":{"rendered":"<p>Copyright \u00a9 Rozpowszechnianie i kopiowanie wy\u0142\u0105cznie za pozwoleniem KBWCH &#8222;S\u0142owo \u017bycia&#8221;.Je\u017celi potrzebujesz modlitwy lub chcesz porozmawia\u0107 z Ani\u0105, skontaktuj si\u0119 z biurem ko\u015bcio\u0142a lub przez facebook. Urodzi\u0142am si\u0119 w rodzinie katolickiej. Gdy by\u0142am dzieckiem rodzice prowadzali mnie i mojesiostry do ko\u015bcio\u0142a. Niestety w ko\u015bciele nie czu\u0142am obecno\u015bci Boga, przede wszystkim nie czu\u0142am si\u0119dobrze w ogromnym &hellip;<\/p>\n<p class=\"read-more\"> <a class=\"\" href=\"https:\/\/slowozycia.org\/index.php\/swiadectwa\/moje-duchowe-uzdrowienie-ania\/\"> <span class=\"screen-reader-text\">Moje duchowe uzdrowienie &#8211; Ania<\/span> Read More &raquo;<\/a><\/p>\n","protected":false},"author":3,"featured_media":0,"parent":21,"menu_order":0,"comment_status":"closed","ping_status":"closed","template":"","meta":{"site-sidebar-layout":"default","site-content-layout":"default","ast-global-header-display":"","ast-main-header-display":"","ast-hfb-above-header-display":"","ast-hfb-below-header-display":"","ast-hfb-mobile-header-display":"","site-post-title":"","ast-breadcrumbs-content":"","ast-featured-img":"","footer-sml-layout":"","theme-transparent-header-meta":"","adv-header-id-meta":"","stick-header-meta":"","header-above-stick-meta":"","header-main-stick-meta":"","header-below-stick-meta":"","footnotes":""},"class_list":["post-593","page","type-page","status-publish","hentry"],"_links":{"self":[{"href":"https:\/\/slowozycia.org\/index.php\/wp-json\/wp\/v2\/pages\/593","targetHints":{"allow":["GET"]}}],"collection":[{"href":"https:\/\/slowozycia.org\/index.php\/wp-json\/wp\/v2\/pages"}],"about":[{"href":"https:\/\/slowozycia.org\/index.php\/wp-json\/wp\/v2\/types\/page"}],"author":[{"embeddable":true,"href":"https:\/\/slowozycia.org\/index.php\/wp-json\/wp\/v2\/users\/3"}],"replies":[{"embeddable":true,"href":"https:\/\/slowozycia.org\/index.php\/wp-json\/wp\/v2\/comments?post=593"}],"version-history":[{"count":3,"href":"https:\/\/slowozycia.org\/index.php\/wp-json\/wp\/v2\/pages\/593\/revisions"}],"predecessor-version":[{"id":596,"href":"https:\/\/slowozycia.org\/index.php\/wp-json\/wp\/v2\/pages\/593\/revisions\/596"}],"up":[{"embeddable":true,"href":"https:\/\/slowozycia.org\/index.php\/wp-json\/wp\/v2\/pages\/21"}],"wp:attachment":[{"href":"https:\/\/slowozycia.org\/index.php\/wp-json\/wp\/v2\/media?parent=593"}],"curies":[{"name":"wp","href":"https:\/\/api.w.org\/{rel}","templated":true}]}}