{"id":356,"date":"2024-09-14T17:07:23","date_gmt":"2024-09-14T15:07:23","guid":{"rendered":"https:\/\/slowozycia.org\/?page_id=356"},"modified":"2024-09-14T17:07:23","modified_gmt":"2024-09-14T15:07:23","slug":"ewangelizacja","status":"publish","type":"page","link":"https:\/\/slowozycia.org\/index.php\/inicjatywy\/ewangelizacja\/","title":{"rendered":"Ewangelizacja"},"content":{"rendered":"\n<div class=\"wp-block-media-text is-stacked-on-mobile\" style=\"grid-template-columns:28% auto\"><figure class=\"wp-block-media-text__media\"><img loading=\"lazy\" decoding=\"async\" width=\"768\" height=\"1024\" src=\"https:\/\/slowozycia.org\/wp-content\/uploads\/2024\/09\/377790331_974325927005592_8908258781823367137_n-768x1024.jpg\" alt=\"\" class=\"wp-image-357 size-full\" srcset=\"https:\/\/slowozycia.org\/wp-content\/uploads\/2024\/09\/377790331_974325927005592_8908258781823367137_n-768x1024.jpg 768w, https:\/\/slowozycia.org\/wp-content\/uploads\/2024\/09\/377790331_974325927005592_8908258781823367137_n-225x300.jpg 225w, https:\/\/slowozycia.org\/wp-content\/uploads\/2024\/09\/377790331_974325927005592_8908258781823367137_n-1152x1536.jpg 1152w, https:\/\/slowozycia.org\/wp-content\/uploads\/2024\/09\/377790331_974325927005592_8908258781823367137_n.jpg 1512w\" sizes=\"auto, (max-width: 768px) 100vw, 768px\" \/><\/figure><div class=\"wp-block-media-text__content\">\n<p>Nasze ewangelizacje uliczne organizujemy pod mottem &#8222;<strong>Bli\u017cej Jezusa<\/strong>&#8221; oraz &#8222;<strong>Przystanek Jezus<\/strong>&#8222;.<br>Miejsce rozm\u00f3w, rozdawania bezp\u0142atnej literatury i sk\u0142adania \u015bwiadectw. Towarzyszy temu uwielbienie Boga oraz jest g\u0142oszona ewangelia. <\/p>\n\n\n\n<figure class=\"wp-block-gallery has-nested-images columns-default is-cropped wp-block-gallery-1 is-layout-flex wp-block-gallery-is-layout-flex\">\n<figure class=\"wp-block-image size-large\"><img loading=\"lazy\" decoding=\"async\" width=\"768\" height=\"1024\" data-id=\"359\" src=\"https:\/\/slowozycia.org\/wp-content\/uploads\/2024\/09\/377095060_295859606483599_3656176579389677919_n-768x1024.jpg\" alt=\"\" class=\"wp-image-359\" srcset=\"https:\/\/slowozycia.org\/wp-content\/uploads\/2024\/09\/377095060_295859606483599_3656176579389677919_n-768x1024.jpg 768w, https:\/\/slowozycia.org\/wp-content\/uploads\/2024\/09\/377095060_295859606483599_3656176579389677919_n-225x300.jpg 225w, https:\/\/slowozycia.org\/wp-content\/uploads\/2024\/09\/377095060_295859606483599_3656176579389677919_n-1152x1536.jpg 1152w, https:\/\/slowozycia.org\/wp-content\/uploads\/2024\/09\/377095060_295859606483599_3656176579389677919_n.jpg 1512w\" sizes=\"auto, (max-width: 768px) 100vw, 768px\" \/><\/figure>\n\n\n\n<figure class=\"wp-block-image size-large\"><img loading=\"lazy\" decoding=\"async\" width=\"768\" height=\"1024\" data-id=\"358\" src=\"https:\/\/slowozycia.org\/wp-content\/uploads\/2024\/09\/377323869_684855253223125_8695682228018212833_n-768x1024.jpg\" alt=\"\" class=\"wp-image-358\" srcset=\"https:\/\/slowozycia.org\/wp-content\/uploads\/2024\/09\/377323869_684855253223125_8695682228018212833_n-768x1024.jpg 768w, https:\/\/slowozycia.org\/wp-content\/uploads\/2024\/09\/377323869_684855253223125_8695682228018212833_n-225x300.jpg 225w, https:\/\/slowozycia.org\/wp-content\/uploads\/2024\/09\/377323869_684855253223125_8695682228018212833_n-1152x1536.jpg 1152w, https:\/\/slowozycia.org\/wp-content\/uploads\/2024\/09\/377323869_684855253223125_8695682228018212833_n.jpg 1512w\" sizes=\"auto, (max-width: 768px) 100vw, 768px\" \/><\/figure>\n\n\n\n<figure class=\"wp-block-image size-large\"><img loading=\"lazy\" decoding=\"async\" width=\"768\" height=\"1024\" data-id=\"360\" src=\"https:\/\/slowozycia.org\/wp-content\/uploads\/2024\/09\/377785219_1581557379043351_2686468062120053980_n-768x1024.jpg\" alt=\"\" class=\"wp-image-360\" srcset=\"https:\/\/slowozycia.org\/wp-content\/uploads\/2024\/09\/377785219_1581557379043351_2686468062120053980_n-768x1024.jpg 768w, https:\/\/slowozycia.org\/wp-content\/uploads\/2024\/09\/377785219_1581557379043351_2686468062120053980_n-225x300.jpg 225w, https:\/\/slowozycia.org\/wp-content\/uploads\/2024\/09\/377785219_1581557379043351_2686468062120053980_n-1152x1536.jpg 1152w, https:\/\/slowozycia.org\/wp-content\/uploads\/2024\/09\/377785219_1581557379043351_2686468062120053980_n.jpg 1512w\" sizes=\"auto, (max-width: 768px) 100vw, 768px\" \/><\/figure>\n<\/figure>\n<\/div><\/div>\n\n\n\n<p><\/p>\n","protected":false},"excerpt":{"rendered":"","protected":false},"author":3,"featured_media":0,"parent":19,"menu_order":0,"comment_status":"closed","ping_status":"closed","template":"","meta":{"site-sidebar-layout":"default","site-content-layout":"default","ast-global-header-display":"","ast-main-header-display":"","ast-hfb-above-header-display":"","ast-hfb-below-header-display":"","ast-hfb-mobile-header-display":"","site-post-title":"","ast-breadcrumbs-content":"","ast-featured-img":"","footer-sml-layout":"","theme-transparent-header-meta":"","adv-header-id-meta":"","stick-header-meta":"","header-above-stick-meta":"","header-main-stick-meta":"","header-below-stick-meta":"","footnotes":""},"class_list":["post-356","page","type-page","status-publish","hentry"],"_links":{"self":[{"href":"https:\/\/slowozycia.org\/index.php\/wp-json\/wp\/v2\/pages\/356","targetHints":{"allow":["GET"]}}],"collection":[{"href":"https:\/\/slowozycia.org\/index.php\/wp-json\/wp\/v2\/pages"}],"about":[{"href":"https:\/\/slowozycia.org\/index.php\/wp-json\/wp\/v2\/types\/page"}],"author":[{"embeddable":true,"href":"https:\/\/slowozycia.org\/index.php\/wp-json\/wp\/v2\/users\/3"}],"replies":[{"embeddable":true,"href":"https:\/\/slowozycia.org\/index.php\/wp-json\/wp\/v2\/comments?post=356"}],"version-history":[{"count":1,"href":"https:\/\/slowozycia.org\/index.php\/wp-json\/wp\/v2\/pages\/356\/revisions"}],"predecessor-version":[{"id":361,"href":"https:\/\/slowozycia.org\/index.php\/wp-json\/wp\/v2\/pages\/356\/revisions\/361"}],"up":[{"embeddable":true,"href":"https:\/\/slowozycia.org\/index.php\/wp-json\/wp\/v2\/pages\/19"}],"wp:attachment":[{"href":"https:\/\/slowozycia.org\/index.php\/wp-json\/wp\/v2\/media?parent=356"}],"curies":[{"name":"wp","href":"https:\/\/api.w.org\/{rel}","templated":true}]}}