{"id":326,"date":"2024-09-14T16:24:51","date_gmt":"2024-09-14T14:24:51","guid":{"rendered":"https:\/\/slowozycia.org\/?page_id=326"},"modified":"2024-09-14T16:32:50","modified_gmt":"2024-09-14T14:32:50","slug":"grupy-domowe","status":"publish","type":"page","link":"https:\/\/slowozycia.org\/index.php\/inicjatywy\/grupy-domowe\/","title":{"rendered":"Grupy domowe"},"content":{"rendered":"\n<div class=\"wp-block-media-text is-stacked-on-mobile\"><figure class=\"wp-block-media-text__media\"><img loading=\"lazy\" decoding=\"async\" width=\"930\" height=\"450\" src=\"https:\/\/slowozycia.org\/wp-content\/uploads\/2024\/09\/home-group.webp\" alt=\"\" class=\"wp-image-328 size-full\" srcset=\"https:\/\/slowozycia.org\/wp-content\/uploads\/2024\/09\/home-group.webp 930w, https:\/\/slowozycia.org\/wp-content\/uploads\/2024\/09\/home-group-300x145.webp 300w, https:\/\/slowozycia.org\/wp-content\/uploads\/2024\/09\/home-group-768x372.webp 768w\" sizes=\"auto, (max-width: 930px) 100vw, 930px\" \/><\/figure><div class=\"wp-block-media-text__content\">\n<p><strong>Grupy domowe<\/strong> to miejsce relacji i wsp\u00f3lnoty, zar\u00f3wno z Bogiem jak i bra\u0107mi w wierze. Spotkania w mniejszych grupach maj\u0105 wiele zalet, jedn\u0105 z nich jest mo\u017cliwo\u015b\u0107 rozmowy, zadawania pyta\u0144, dzielenia si\u0119 swoimi do\u015bwiadczeniami oraz wsp\u00f3lnej modlitwy. Serdecznie zapraszamy.<br><br>Ilo\u015b\u0107 grup domowych jest zmienna, w chwili obecnej zapraszamy do:<br>&#8211; Eli i Leszka, \u015broda,  godz.18:30, <a href=\"https:\/\/maps.app.goo.gl\/aJVtFWK6q8Nd4PMs6\" data-type=\"link\" data-id=\"https:\/\/maps.app.goo.gl\/aJVtFWK6q8Nd4PMs6\" target=\"_blank\" rel=\"noreferrer noopener\">ul.Sok\u00f3lska 27\/22<\/a>, tel.534-056-408<\/p>\n<\/div><\/div>\n\n\n\n<p><\/p>\n","protected":false},"excerpt":{"rendered":"<p>Grupy domowe to miejsce relacji i wsp\u00f3lnoty, zar\u00f3wno z Bogiem jak i bra\u0107mi w wierze. Spotkania w mniejszych grupach maj\u0105 wiele zalet, jedn\u0105 z nich jest mo\u017cliwo\u015b\u0107 rozmowy, zadawania pyta\u0144, dzielenia si\u0119 swoimi do\u015bwiadczeniami oraz wsp\u00f3lnej modlitwy. Serdecznie zapraszamy. Ilo\u015b\u0107 grup domowych jest zmienna, w chwili obecnej zapraszamy do:&#8211; Eli i Leszka, \u015broda, godz.18:30, ul.Sok\u00f3lska &hellip;<\/p>\n<p class=\"read-more\"> <a class=\"\" href=\"https:\/\/slowozycia.org\/index.php\/inicjatywy\/grupy-domowe\/\"> <span class=\"screen-reader-text\">Grupy domowe<\/span> Read More &raquo;<\/a><\/p>\n","protected":false},"author":3,"featured_media":0,"parent":19,"menu_order":0,"comment_status":"closed","ping_status":"closed","template":"","meta":{"site-sidebar-layout":"default","site-content-layout":"default","ast-global-header-display":"","ast-main-header-display":"","ast-hfb-above-header-display":"","ast-hfb-below-header-display":"","ast-hfb-mobile-header-display":"","site-post-title":"","ast-breadcrumbs-content":"","ast-featured-img":"","footer-sml-layout":"","theme-transparent-header-meta":"","adv-header-id-meta":"","stick-header-meta":"","header-above-stick-meta":"","header-main-stick-meta":"","header-below-stick-meta":"","footnotes":""},"class_list":["post-326","page","type-page","status-publish","hentry"],"_links":{"self":[{"href":"https:\/\/slowozycia.org\/index.php\/wp-json\/wp\/v2\/pages\/326","targetHints":{"allow":["GET"]}}],"collection":[{"href":"https:\/\/slowozycia.org\/index.php\/wp-json\/wp\/v2\/pages"}],"about":[{"href":"https:\/\/slowozycia.org\/index.php\/wp-json\/wp\/v2\/types\/page"}],"author":[{"embeddable":true,"href":"https:\/\/slowozycia.org\/index.php\/wp-json\/wp\/v2\/users\/3"}],"replies":[{"embeddable":true,"href":"https:\/\/slowozycia.org\/index.php\/wp-json\/wp\/v2\/comments?post=326"}],"version-history":[{"count":2,"href":"https:\/\/slowozycia.org\/index.php\/wp-json\/wp\/v2\/pages\/326\/revisions"}],"predecessor-version":[{"id":332,"href":"https:\/\/slowozycia.org\/index.php\/wp-json\/wp\/v2\/pages\/326\/revisions\/332"}],"up":[{"embeddable":true,"href":"https:\/\/slowozycia.org\/index.php\/wp-json\/wp\/v2\/pages\/19"}],"wp:attachment":[{"href":"https:\/\/slowozycia.org\/index.php\/wp-json\/wp\/v2\/media?parent=326"}],"curies":[{"name":"wp","href":"https:\/\/api.w.org\/{rel}","templated":true}]}}