{"id":245,"date":"2024-03-02T13:39:12","date_gmt":"2024-03-02T12:39:12","guid":{"rendered":"http:\/\/slowozycia.org\/?page_id=245"},"modified":"2024-09-13T16:27:27","modified_gmt":"2024-09-13T14:27:27","slug":"kurs-biblijny","status":"publish","type":"page","link":"https:\/\/slowozycia.org\/index.php\/inicjatywy\/kurs-biblijny\/","title":{"rendered":"Kurs biblijny"},"content":{"rendered":"\n<p><strong>Kurs biblijny &#8222;Fundamenty Wiary&#8221;<\/strong><strong><br><\/strong><mark style=\"background-color:rgba(0, 0, 0, 0);color:#ef030b\" class=\"has-inline-color\">Nast\u0119pna edycja jesieni\u0105<\/mark><mark style=\"background-color:rgba(0, 0, 0, 0);color:#ef030b\" class=\"has-inline-color\">  <\/mark>&#8211; prosimy o zg\u0142oszenia do pastora.<br>Zapraszamy ch\u0119tnych, sobota godz.15:00. <\/p>\n\n\n\n<p class=\"has-ast-global-color-0-color has-text-color has-link-color wp-elements-18265120e4f159a7b9e08802c3481d75\"><mark style=\"background-color:rgba(0, 0, 0, 0)\" class=\"has-inline-color has-ast-global-color-0-color\">Tematy:<br>1) Autorytet i inspiracja biblii (<em>Biblia &#8211; S\u0142owo Bo\u017ce<\/em>)<br>2) Zbawienie (<em>Co oznacza, jak by\u0107 zbawionym?<\/em>)<br>3) Bo\u017cy charakter (<em>Kim jest B\u00f3g?<\/em>)<br>4) Wiara<\/mark> <em><mark style=\"background-color:rgba(0, 0, 0, 0)\" class=\"has-inline-color has-ast-global-color-0-color\">(Czym jest i jak j\u0105 zdoby\u0107?)<\/mark><\/em><br>5) Kim jestem w Jezusie?<br>6) Sprawiedliwo\u015b\u0107 (<em>Jak by\u0107 usprawiedliwionym przed Bogiem?)<\/em><br>7) Przymierze krwi <br>8) Modlitwa<br>9) Uwolnienie i przebaczenie<br>10) Uzdrowienie<br>11) Uwielbienie, chwa\u0142a i cze\u015b\u0107<br>12) Duch, dusza, cia\u0142o<br>13) Duch \u015awi\u0119ty i Jego dary<br>14) Chrzest Duchem \u015awi\u0119tym, chrzest wodny<br>15) Pokuta (uzupe\u0142n.)<br>16) Spo\u0142eczno\u015b\u0107 z Bogiem (uzupe\u0142n.)<br>17) Ewangelizacja<br>18) Anio\u0142owie, demony &#8211; co o nich m\u00f3wi Biblia?<br>19) Ko\u015bci\u00f3\u0142 <em>(Czym jest, jaka jest jego rola?)<\/em><br>20) Czasy ostateczne<br><br><\/p>\n","protected":false},"excerpt":{"rendered":"<p>Kurs biblijny &#8222;Fundamenty Wiary&#8221;Nast\u0119pna edycja jesieni\u0105 &#8211; prosimy o zg\u0142oszenia do pastora.Zapraszamy ch\u0119tnych, sobota godz.15:00. Tematy:1) Autorytet i inspiracja biblii (Biblia &#8211; S\u0142owo Bo\u017ce)2) Zbawienie (Co oznacza, jak by\u0107 zbawionym?)3) Bo\u017cy charakter (Kim jest B\u00f3g?)4) Wiara (Czym jest i jak j\u0105 zdoby\u0107?)5) Kim jestem w Jezusie?6) Sprawiedliwo\u015b\u0107 (Jak by\u0107 usprawiedliwionym przed Bogiem?)7) Przymierze krwi 8) &hellip;<\/p>\n<p class=\"read-more\"> <a class=\"\" href=\"https:\/\/slowozycia.org\/index.php\/inicjatywy\/kurs-biblijny\/\"> <span class=\"screen-reader-text\">Kurs biblijny<\/span> Read More &raquo;<\/a><\/p>\n","protected":false},"author":3,"featured_media":0,"parent":19,"menu_order":0,"comment_status":"closed","ping_status":"closed","template":"","meta":{"site-sidebar-layout":"default","site-content-layout":"default","ast-global-header-display":"","ast-main-header-display":"","ast-hfb-above-header-display":"","ast-hfb-below-header-display":"","ast-hfb-mobile-header-display":"","site-post-title":"","ast-breadcrumbs-content":"","ast-featured-img":"","footer-sml-layout":"","theme-transparent-header-meta":"","adv-header-id-meta":"","stick-header-meta":"","header-above-stick-meta":"","header-main-stick-meta":"","header-below-stick-meta":"","footnotes":""},"class_list":["post-245","page","type-page","status-publish","hentry"],"_links":{"self":[{"href":"https:\/\/slowozycia.org\/index.php\/wp-json\/wp\/v2\/pages\/245","targetHints":{"allow":["GET"]}}],"collection":[{"href":"https:\/\/slowozycia.org\/index.php\/wp-json\/wp\/v2\/pages"}],"about":[{"href":"https:\/\/slowozycia.org\/index.php\/wp-json\/wp\/v2\/types\/page"}],"author":[{"embeddable":true,"href":"https:\/\/slowozycia.org\/index.php\/wp-json\/wp\/v2\/users\/3"}],"replies":[{"embeddable":true,"href":"https:\/\/slowozycia.org\/index.php\/wp-json\/wp\/v2\/comments?post=245"}],"version-history":[{"count":3,"href":"https:\/\/slowozycia.org\/index.php\/wp-json\/wp\/v2\/pages\/245\/revisions"}],"predecessor-version":[{"id":321,"href":"https:\/\/slowozycia.org\/index.php\/wp-json\/wp\/v2\/pages\/245\/revisions\/321"}],"up":[{"embeddable":true,"href":"https:\/\/slowozycia.org\/index.php\/wp-json\/wp\/v2\/pages\/19"}],"wp:attachment":[{"href":"https:\/\/slowozycia.org\/index.php\/wp-json\/wp\/v2\/media?parent=245"}],"curies":[{"name":"wp","href":"https:\/\/api.w.org\/{rel}","templated":true}]}}